. Give y(-2).
1
Let u(p) = -3*p**2 + 11*p - 1. Let i(n) = -2*n**2 + 10*n. Let m(j) = 4*i(j) - 3*u(j). Suppose -3*c + 14 = -13. Suppose 0 = -c*z + 4*z - 15. Give m(z).
-9
Let i(q) = 8*q + 6*q**2 - q**3 + 4 + 5*q - 5*q. What is i(7)?
11
Let c(p) = p + 8*p**2 + 7*p**2 + p**3 - 11*p**2. What is c(-3)?
6
Let w = -1 - 0. Let p be w/3 - 24/9. Let n(s) = 2*s**2 + 4*s. Calculate n(p).
6
Suppose -m = -s + 3*m + 1, -m = 1. Let n be (6/15)/(s/15). Let j(d) be the first derivative of -d**4/4 - d**3/3 + d**2/2 - d + 1. Calculate j(n).
1
Let v be (-3)/(-3) + 0 + 1. Let a(d) be the second derivative of -5/2*d**v + 1/6*d**3 + 3*d + 0. What is a(4)?
-1
Let v(j) be the third derivative of j**5/60 - 7*j**4/24 + 2*j**3/3 - j**2. Let q = 71 - 66. Give v(q).
-6
Let b(w) = -w**2 - 5*w - 3. Let r be b(-3). Suppose 3*n - 5 = 4. Let y(c) = 2*c**n - c**3 + 6*c**2 - 5*c + 5 - 2*c**r. Give y(5).
5
Suppose -5*y + 4*y = 0. Let g(i) = 3*i - 5 + 3 + y. Let p be (-1)/(-4) - 22/(-8). Calculate g(p).
7
Suppose -6*q - i = -2*q - 9, 1 = i. Let l be (-2)/q*2 + 8. Let c = l - 2. Let f(g) = g - 9. Determine f(c).
-5
Let t(j) be the first derivative of -j**2 + 3 + j + 1/3*j**3 + 1/2*j**4. Give t(-2).
-7
Suppose o - 5*o = 3*r - 23, -5*o = 2*r - 27. Let v(y) = 3*y**2 + y + 3. Let d(x) = -2*x**2 - 2*x - 2. Let t(w) = 4*d(w) + 3*v(w). Give t(o).
1
Suppose -4*a = l - 8, 2*a - 6 = 5*l - a. Let c(x) = -3 + x - 1 + l*x. Give c(3).
-1
Let i(p) = p**2 - 2*p - 4. Let d be 8/6 - (-5)/(-15). Let s(m) = 7*m + 9. Let b(h) = -4*h - 5. Let u(r) = -11*b(r) - 6*s(r). Let f be u(d). Determine i(f).
-1
Let n(v) = 3*v**3 - v**2 + 5*v - 5. Suppose 3*p - 2 = 10. Let o(k) = 2*k**3 + 4*k - 4. Let s = -7 + 4. Let t(c) = p*o(c) + s*n(c). Give t(3).
2
Let v(s) = -s**2 + s - 2. Let q(m) = 2*m + 12. Let d be q(-5). Calculate v(d).
-4
Let o(k) = 2*k - 1 + 6 - 2. Let t(p) = p + 1. Let s(g) = o(g) - 6*t(g). Let u = 3 - 6. Determine s(u).
9
Let z = 3 - 1. Let u(i) = -2*i**3 + 7*i**2 - 2*i + 3. Let b(o) = 0*o**3 + 5 + 13*o**2 - 4*o**3 + 2*o - 5*o. Let h(a) = 6*b(a) - 11*u(a). Give h(z).
-7
Let z(n) = n - 2. Let c(k) = -4*k**2. Let u(l) = l**3 - 5*l**2. Let m(x) = -6*c(x) + 5*u(x). Let t be m(-1). Calculate z(t).
-8
Let y(k) be the second derivative of k**6/360 - k**5/40 - k**4/4 - k**3/6 - 4*k. Let h(g) be the second derivative of y(g). Determine h(5).
4
Let l = -12 + 15. Let k(h) be the third derivative of -h**2 + 1/12*h**4 + 0*h + 1/120*h**6 + 1/20*h**5 + 0 - 1/6*h**l. Calculate k(-2).
-1
Suppose 2*b + 0*n + n = -2, -4*b - 5*n + 8 = 0. Let m = 6 + b. Let r(g) = 5*g + m*g**2 - g + g**3 - 5*g - 2*g**3 - 4. Give r(3).
-7
Let v = 1 + 2. Let g(a) = -2*a**v + a - 3*a**2 + a**3 + 6 - 3 + 0*a. Give g(-3).
0
Let n(g) = 2*g - 16. Let k(j) = -3*j + 24. Let o(q) = 5*k(q) + 8*n(q). Suppose -9 = 3*b - f + 1, -4*b - 26 = 5*f. Let z be (-1)/b*2*0. Give o(z).
-8
Let y(h) be the third derivative of 0 - h**2 + 1/12*h**4 + 0*h**3 + 1/360*h**6 + 0*h + 1/120*h**5. Let i(n) be the second derivative of y(n). What is i(1)?
3
Let h(o) be the second derivative of o**3/2 - 3*o**2/2 + o. Let f(r) = r**3 - 5*r**2. Let p be f(5). Suppose s - 2*s + 3 = p. Determine h(s).
6
Suppose -3*n + 10 - 1 = 0. Let v(g) = -6*g. Give v(n).
-18
Let l(a) be the third derivative of a**6/360 + 3*a**4/8 + a**3/6 + a**2. Let m(q) be the first derivative of l(q). Give m(0).
9
Let h = -1 - -6. Suppose 2*j = -3*l + 4, h*j = 32 - 7. Let z(r) be the second derivative of -r**3/3 - r**2/2 - 2*r. What is z(l)?
3
Let f(b) = -b**3 - 6*b**2 + 7*b + 2. Let k(v) = v**3 + 7*v**2 + 7*v - 1. Let s be k(-6). What is f(s)?
2
Let p = -1 + 5. Let o(a) = a**2 - 3*a - 3. Let t be o(p). Let s = t - 3. Let u(c) = 2*c**2 + 2*c - 1. Calculate u(s).
3
Let i = -137 + 132. Let o(b) = 2*b**2 + 5*b - 4. What is o(i)?
21
Let z(m) = 2*m - 5. Suppose -3 = -3*l - 18. Let a(n) be the third derivative of -n**6/120 - n**5/15 + n**4/6 + 6*n**2. Let s be a(l). Determine z(s).
5
Let w(o) = -7*o**2 + 1 + o**3 - 2*o**3 + 1 + 0*o**2. Give w(-7).
2
Let b(o) = 6*o**3 + 10*o**2 + 8. Let d(n) = -5*n**3 - 9*n**2 + n - 7. Let u(q) = -4*b(q) - 5*d(q). Calculate u(-6).
-3
Let m(s) be the first derivative of s**3/3 - 3*s**2/2 - 5*s - 273. Let n(p) = p**2 - p - 2. Let z be n(-2). Determine m(z).
-1
Let z be 3 + 3/((-3)/2). Let g = 4 - z. Let i(l) be the third derivative of l**6/120 - l**5/20 + l**4/12 + l**3/6 + 3*l**2. Give i(g).
7
Let w(l) = -7*l + 2*l - l - 1 + 0*l. Let v be 2/8 - (-21)/12. Suppose 7*h = v*h - 5. What is w(h)?
5
Suppose -2 = x, -7 - 7 = 4*k + x. Let g(n) = n**2 + n - 1. Let b(j) = -j**2 - 8*j + 5. Let c(m) = k*g(m) - b(m). Let z be 4/18 - 50/(-18). Calculate c(z).
-5
Let f(s) = -s**2 + s - 5. Let p(z) = 2*z**2 - 2*z + 11. Let c(r) = -7*f(r) - 3*p(r). Let d be c(0). Let m(i) = 0*i + 1 - 3*i**2 + i**d + 2*i. Determine m(-1).
-3
Let t(f) be the second derivative of -f**4/12 + f**2/2 - 13*f. Calculate t(-3).
-8
Let z(h) = -5*h**2 + 14 + 9*h + 11 - 24 + 4*h**2. Give z(9).
1
Let f(m) = -4 + 9*m - 3*m - 4*m. Suppose -g = 3*b - 3, -b + 10 = 2*g + b. What is f(g)?
8
Suppose 3*o = 3*v - 0*o - 9, -5*o = -3*v + 9. Let b(t) = 3*t**3 - t**v + 3*t**3 + 1. Suppose -r = -2*r + 1. Calculate b(r).
6
Let m be 74/10 + -7 - 23/(-5). Let o(w) be the third derivative of 1/60*w**m + 1/6*w**4 + 0 + 0*w + 3*w**2 + 0*w**3. What is o(-2)?
-4
Let n = -11 + 8. Let z be 2*-3*n/(-6). Let u be (-2 + z/(-2))*0. Let b(c) = -c + 4. What is b(u)?
4
Let b(c) be the second derivative of -c**3/6 + 11*c. Calculate b(-4).
4
Suppose 3*n + c = 1, n - 4 = c + 3. Let w(l) = -6*l + n*l + 0*l - 2 - 2*l**2 + l**2. Determine w(-4).
-2
Let y(z) = -z**3 + 2*z**2 + 2*z - 1. Let f(h) = -h**2 - 6*h. Let v(t) = t**2 + t - 3. Let m be v(0). Let d be f(m). Let n be (d/(-4 + 1))/(-1). Calculate y(n).
-4
Let f(l) be the second derivative of -l**5/20 - l**4/4 + 2*l**3/3 + 5*l. Determine f(-3).
-12
Let z be 2 - 1 - 0 - 1. Let n(v) = v - 6. Calculate n(z).
-6
Let b = 0 + -6. Let j(q) = -5*q**2 - 3*q. Let a(k) = -k. Let x(m) = b*a(m) + j(m). What is x(2)?
-14
Let i = -2 - -5. Suppose -3*q + i = -6*q. Let x(o) be the first derivative of -o**3/3 - o**2 - o - 31. Calculate x(q).
0
Suppose -205 = -4*p - 193. Let t(v) be the first derivative of 5 - 1/2*v**2 + 2*v + v**p - 1/4*v**4. Calculate t(3).
-1
Let b be (-1 - -2)/((-4)/(-20)). Let t(p) = p**3 - 5*p**2 - 2*p + 5. What is t(b)?
-5
Let d(b) = b**2 + 5*b + 5. Let s = 3 - 0. Suppose -l = 4*w + 4 + 15, -l = -s*w - 9. What is d(w)?
1
Let q(o) be the third derivative of 0*o**3 - 1/8*o**4 + 0 + 0*o + 4*o**2. Determine q(1).
-3
Let n = 6 - 3. Suppose 2*r - 10 = -n*r. Let d(l) = l**3 - l**2 - 3*l + 2. Calculate d(r).
0
Let z(r) = r**2 - r - 5. Suppose 3*c = -3*y - 9, 0 - 3 = -3*c + y. Suppose 4 = -c*f + f. What is z(f)?
7
Suppose 21 = -3*x - 3*p + 3, 0 = x + 5*p + 18. Let c(s) = s - 1. Let j(w) = -w**2 - 7*w + 5. Suppose 4*i + 9 + 7 = 0. Let a(l) = i*c(l) - j(l). Give a(x).
-1
Let f(c) be the first derivative of -c**4/2 + 2*c**3/3 + c**2 - 3*c - 1. Let w(x) = 6*x. Let p be w(-2). Let g be 6/(-4)*p/9. Calculate f(g).
-7
Suppose -6*i + 5*l = -2*i - 29, -2*i = 4*l + 18. Suppose 3 - i = -2*a. Let k(v) = 7*v - 1 + v - 2*v. Determine k(a).
-7
Suppose -i + 3 = -2*i - s, 5*i - 3*s = 9. Let v(d) = -d**2 - 4*d + 3*d + i*d**2. Determine v(1).
-2
Let y be 1 + 11 - (2 - 4). Suppose 2*m + 3*t = t + y, -2*m = -2*t - 10. Let x(w) = -5 - 7*w**2 - 3 + m*w**2 + w. What is x(0)?
-8
Let t(a) be the third derivative of a**5/60 - 3*a**3/2 + 2*a**2. Let y(j) = j**2 - j - 8. Let n(z) = -3*t(z) + 4*y(z). Let l = -2 + 6. Calculate n(l).
-5
Let c(f) be the second derivative of -4*f + 1/6*f**3 + 0 + 7/2*f**2. Determine c(-5).
2
Let i(d) = 7*d - 1. Let n be i(1). Let b be (-9)/n + 2/4. Let s(j) be the third derivative of -j**5/10 - j**3/6 + j**2. Determine s(b).
-7
Let w(q) = 2*q**2 - 4*q - 8. Let n(i) = 2*i**2 - 4*i - 7. Let a(t) = 3*n(t) - 2*w(t). Determine a(4).
11
Let l(k) = 4*k**2 - 3*k. Let h = -4 + 3. Let r be 1 + 3 - (-2)/h. What is l(r)?
10
Suppose -4*n + n = 0. Suppose 5*r + 5*q = 35, 4 = q - n*q. Let d(m) = 0*m**3 + 2*m + m**3 - 3*m**2 + 1 + 0*m. Determine d(r).
7
Let s(a) be the third derivative of -1/6*a**3 + 0*a + 0 - a**2 + 1/24*a**4. Calculate s(-3).
-4
Suppose 0 = -5*t + 3*i + 40, -5*i - 2 = -2*t - 5. Suppose 6*m - t*m = 25. Let r(g)